 the remainder when (-22175)/(-200) + (-5)/(-40)*1 is divided by b?
3
Suppose -4933*w + 4970*w = 1332. What is the remainder when 1430 is divided by w?
26
Suppose 0 = -5*p + 55 + 20. Suppose -514 = -8*h - 10. What is the remainder when p is divided by ((-12)/7)/(((-270)/h)/15)?
3
Let k(t) = 3*t**3 - 99*t**2 + 275*t - 6. Calculate the remainder when 197 is divided by k(30).
53
Let r = 2723 - 2355. What is the remainder when r is divided by 65?
43
Suppose 148*f - 32*f - 16672 = 6760. Let c = -8 - -15. What is the remainder when f is divided by c?
6
Let m(s) = s**3 + 2*s**2 + 2*s + 3. Let g be m(-1). Let q(a) = 25*a**3 + 2*a**2 - 11*a + 4. What is the remainder when q(g) is divided by 5?
0
What is the remainder when 4579/95*(-4 + 9) is divided by 35?
31
Suppose -532 + 1046 = z + 520. Suppose -4*f = 4*b - 6*b - 24, 3*b + f = -1. What is the remainder when (b + z/12)*108/(-10) is divided by 11?
5
Suppose -3*a - 105 = -4*c, 4*a = 8*a - 20. What is the remainder when 228 is divided by c?
18
Suppose -3*y - 2 = -y. Let v be (4/y)/((-1)/1). Suppose 0 = -v*g + 67 + 9. Calculate the remainder when 75 is divided by g.
18
Let u(a) = 3*a**3 - 10*a**2 - a - 26. Let q(l) = 4*l**3 - 11*l**2 - 2*l - 26. Let h(g) = 2*q(g) - 3*u(g). Calculate the remainder when h(8) is divided by 7.
4
Calculate the remainder when 128 is divided by (17/(-5)*(-325)/(-130))/((-2)/4).
9
Suppose 0 = 2*i - 0*i - 112. Suppose 0 = -303*g + 308*g + 20, 5*g + 1 = -m. Calculate the remainder when i is divided by m.
18
Let j = 5391 + -3080. Suppose -j - 254 = -27*k. Calculate the remainder when k is divided by 14.
11
Let p = -175 - -198. Suppose 17 = -h + p. Suppose 0 = -4*u + 12 - 4. Calculate the remainder when h is divided by u.
0
Let b = 27 + 7. Suppose 66 = -5*k - b. Calculate the remainder when 34 is divided by (2 - 0) + -3 - k.
15
Suppose -2*w + 222*b + 388 = 224*b, w + 5*b - 182 = 0. What is the remainder when w is divided by 93?
11
Let j = 5094 - 5024. Calculate the remainder when 494 is divided by j.
4
Suppose 4*q + 6*f - 5*f = 215, f = -5. Calculate the remainder when 274 is divided by q.
54
Suppose -4*j - 4*n + 392 = 0, -37*n + 33*n + 492 = 5*j. Calculate the remainder when 153 is divided by j.
53
Let v be 3/6 - 3*(-22)/12. What is the remainder when -17*(-158 - v)/4 is divided by 20?
17
Suppose 0 = c - 12*c + 66. What is the remainder when 6/((-24)/(-268)) + c is divided by 38?
35
Suppose -446 = 9*d - 1209 - 659. What is the remainder when 622 is divided by d?
148
Let z = -263 + 273. Suppose -304 = -4*j + 2*k, -z*k + 5*k + 128 = 2*j. What is the remainder when 144 is divided by j?
70
Suppose 5*u - 1636 = -3*m, -4*u - 12*m + 6*m + 1334 = 0. What is the remainder when u is divided by 182?
141
Let f be (-174)/(7 - 1)*-2. Let s be ((-3)/9)/(3/(-18)). Suppose 55 = 2*h - q, 0*q - 2*q - f = -s*h. What is the remainder when 77 is divided by h?
25
Suppose -3*g + 66 = x, 0*x + 4*g - 304 = -4*x. Let r = -265 + 282. Calculate the remainder when x is divided by r.
13
Calculate the remainder when 692 is divided by (-9945)/5*2/12*-2.
29
Let v = 20885 + -20773. Calculate the remainder when 4926 is divided by v.
110
Let u = 8 + -10. Calculate the remainder when -4 - (6/u - 63) is divided by 22.
18
Let u = 98 + -94. Suppose -3*b + 102 = 4*k, u*b = -2*k + 222 - 86. Let g(q) = 6*q**2 - 3*q + 4. Calculate the remainder when g(-3) is divided by b.
33
Let d be 3*((-1147)/(-6) - 31/186). What is the remainder when (d - 59) + 0 + 5 is divided by 87?
84
Let a = -3531 + 3554. Calculate the remainder when 11681 is divided by a.
20
Let w be (-1764)/16 + -4 - 3/4. Let n = w - -186. Calculate the remainder when n is divided by 9.
8
Suppose v + g - 78 = -2*v, -3*v - 2*g = -81. Suppose -4*z + v = 13. Suppose z*i - 57 = h, -2*h = -7*h + 15. What is the remainder when 58 is divided by i?
18
What is the remainder when 192 is divided by (-52)/(-117) - (-4419)/81?
27
Let q(n) = -5*n - 1. Let c(i) = -i**2 + 41*i + 1326. Calculate the remainder when c(-21) is divided by q(-1).
0
Let r(t) = -t**2 - 10*t + 2. Suppose 0 = 26*n - 141 - 119. Calculate the remainder when r(-7) is divided by n.
3
Let q(a) = 14*a - 110. Let y = 164 + -155. What is the remainder when 95 is divided by q(y)?
15
Let l(g) = -10 + 79*g**2 - 30*g - 78*g**2 + 10*g - 31. Let p be l(22). Calculate the remainder when p/12 + 828/16 is divided by 14.
10
Suppose -134 = -2*o + 3*g, -2*o + 11*g - 6*g + 122 = 0. What is the remainder when 301 is divided by o?
73
Let z = -13889 + 14290. Calculate the remainder when z is divided by 60.
41
Let p = -2120 - -2125. Let f(a) = a**3 - 4*a**2 + 3*a - 1. Let c be f(2). Let w(y) = -y**3 - 2*y**2 - 3*y - 1. What is the remainder when w(c) is divided by p?
2
Suppose -29*r - 132 = -28*r. Let x = -19 - r. Let c(p) = -7*p + 2. What is the remainder when x is divided by c(-3)?
21
Let b(c) = -c**2 + 3*c + 24. Let s be b(7). What is the remainder when s - (-19)/((-114)/(-828)) is divided by 14?
8
Suppose -c - c + 13*c = 0. Suppose c = 5*o + 4*d - 99, -5*d = 2*o - 40 + 14. What is the remainder when o is divided by 16?
7
Let a(j) = j**2 - 4*j - 7. Let i be a(0). Let m = i + 20. Let t = 198 + -121. What is the remainder when t is divided by m?
12
Suppose 10*b - 12*b + p + 7 = 0, -4*b + p + 13 = 0. Suppose 0 = -g - 2*j + 154 + 223, 0 = b*g + 5*j - 1132. Calculate the remainder when g is divided by 19.
18
Suppose -26*z + 18723 = 5281. Calculate the remainder when z is divided by 21.
13
Let z be 10/3*24/40. Suppose 4*n + z*n - 276 = 0. What is the remainder when 181 is divided by n?
43
Suppose -58*n - 132 = -62*n. Suppose 0 = 3*r - 53 - 31. What is the remainder when r is divided by (5 - n/9)/((-3)/(-36))?
12
Suppose 40 = 43631*j - 43627*j. What is the remainder when 2444 is divided by j?
4
Let r be 1400/504 - (-4)/18. Suppose o = -2*p + 152 + 36, 0 = -r*p + 6*o + 252. Calculate the remainder when p is divided by 31.
30
Suppose 0 = m - 3*m - 20. Let d be 2*-2*(-5)/m. What is the remainder when 50 is divided by d/3 - 9/(54/(-88))?
8
Suppose 168*q - 194*q + 2314 = 0. What is the remainder when 231 is divided by q?
53
Let g(p) = -4*p - 4. Let a = 504 + -504. Suppose a = -19*f + 15*f - 4*m + 212, -3*m = -2*f + 126. Calculate the remainder when f is divided by g(-6).
17
Suppose 58261 - 4903 = 27*x + 5298. Calculate the remainder when x is divided by 99.
97
Let b(r) = 2*r + 24. Let n be b(-11). Calculate the remainder when ((-20)/(-12) - n)*-1677 is divided by 40.
39
Let t = -6170 - -6175. Calculate the remainder when 518 is divided by t.
3
Let c be -1*(-2 - -1 - -2)*1. Let k(v) = 152*v**2 + 1. Let f be k(c). Suppose 8*w - f = -w. Calculate the remainder when 100 is divided by w.
15
Let r = 7119 + -7105. What is the remainder when 4769 is divided by r?
9
Let d(b) = 2*b**3 - b**2 - 8*b + 1034. Calculate the remainder when d(0) is divided by 66.
44
Suppose -t + 64 = 3*i, 0*i - 76 = -4*i + t. Calculate the remainder when 78 is divided by i.
18
Let f(w) = w**3 + 6*w**2 + 5*w. Let l be f(-5). Suppose -2*j + 8 - 8 = l. Suppose j = -4*t + 14*t - 70. What is the remainder when 33 is divided by t?
5
Let c be -1 + -4 - -6230 - -4. Suppose 4*q = 5*p + c, 0 = 5*p - 6*p - 1. What is the remainder when q/28*1 - 15/(-35) is divided by 24?
8
What is the remainder when (3267/(-36))/((-69)/5888) is divided by 298?
294
Let t = -566 - -568. Suppose -700 = t*k - 770. What is the remainder when 135 is divided by k?
30
Let s(z) = -z**3 - 16*z**2 - 86*z - 557. What is the remainder when 1026 is divided by s(-15)?
10
Let c = 30680 + -30672. What is the remainder when 5310 is divided by c?
6
What is the remainder when (68/(-6) - 0)*(214 - 334) is divided by 124?
120
Calculate the remainder when 135968/96 - ((-28)/6 - -3) is divided by 142.
140
Calculate the remainder when 1137 is divided by (2 + -1)*(39 + -32) + 75.
71
Suppose -4*f - 4 = 0, -4*q + 7*q - 3*f + 15 = 0. Calculate the remainder when 195 is divided by ((-114)/(-19))/(q/(-40)).
35
Let q = 33 + -19. Suppose -q*s + 10*s = -36. Suppose 2*v - 5*j = -s, 4*v + 0*j - j = 9. What is the remainder when 4 is divided by v?
1
Let w be (28/(-35))/((-2)/35). Let l = 162 + w. What is the remainder when l/28*21/6 is divided by 17?
5
Suppose 3*o - 6*o + 6 = 0. Suppose -74 - o = -q. Let d(z) = 2*z**3 - 198*z**2 - z +